74118?
2, 173537059
List the prime factors of 350427561.
3, 11, 29, 366173
What are the prime factors of 14901741?
3, 17, 97397
List the prime factors of 4571052899.
7, 73, 8945309
List the prime factors of 3422056013.
3422056013
List the prime factors of 60307294.
2, 30153647
List the prime factors of 237130397.
7, 33875771
What are the prime factors of 514193758?
2, 13, 19776683
What are the prime factors of 5436363?
3, 1812121
What are the prime factors of 115973573?
31, 929, 4027
What are the prime factors of 933005933?
3793, 245981
What are the prime factors of 2308428030?
2, 3, 5, 47, 1637183
What are the prime factors of 129768412?
2, 17, 401, 4759
List the prime factors of 828666664.
2, 7, 14797619
What are the prime factors of 58690938?
2, 3, 9781823
List the prime factors of 37034541.
3, 409, 10061
What are the prime factors of 652875451?
14831, 44021
What are the prime factors of 679506032?
2, 761, 55807
List the prime factors of 6132239.
6132239
List the prime factors of 221999852.
2, 37, 211, 7109
What are the prime factors of 471009879?
3, 2707, 19333
What are the prime factors of 11559060?
2, 3, 5, 64217
List the prime factors of 418941211.
13, 757, 42571
List the prime factors of 438961534.
2, 11, 59, 338183
List the prime factors of 5762885268.
2, 3, 7, 68605777
List the prime factors of 98637255.
3, 5, 47, 149, 313
List the prime factors of 110769276.
2, 3, 9230773
What are the prime factors of 41988321?
3, 1555123
What are the prime factors of 422346347?
53, 101, 257, 307
List the prime factors of 28305718.
2, 7, 2021837
List the prime factors of 2134884585.
3, 5, 3677, 38707
What are the prime factors of 3382941498?
2, 3, 563823583
What are the prime factors of 38742370?
2, 5, 3874237
List the prime factors of 66359913.
3, 19, 89, 103, 127
What are the prime factors of 3167110318?
2, 1583555159
List the prime factors of 628214040.
2, 3, 5, 1745039
What are the prime factors of 2158375070?
2, 5, 215837507
List the prime factors of 3512859116.
2, 13, 31, 127, 17159
List the prime factors of 93735459.
3, 103, 101117
What are the prime factors of 958308126?
2, 3, 159718021
What are the prime factors of 116737132?
2, 29184283
List the prime factors of 2446662576.
2, 3, 17, 709, 4229
List the prime factors of 1035169359.
3, 7, 347, 142057
List the prime factors of 391737003.
3, 7, 19, 981797
List the prime factors of 215241524.
2, 479, 112339
List the prime factors of 4212854568.
2, 3, 13, 4500913
List the prime factors of 47775029.
37, 1291217
List the prime factors of 94029215.
5, 7, 103, 26083
List the prime factors of 97709203.
593, 164771
What are the prime factors of 129871197?
3, 809, 17837
What are the prime factors of 912595015?
5, 41, 353, 12611
List the prime factors of 158806461.
3, 11, 1783, 2699
What are the prime factors of 120970421?
11, 13, 127, 6661
List the prime factors of 193424833.
7, 59, 103, 4547
What are the prime factors of 3207518706?
2, 3, 7, 19, 4019447
List the prime factors of 1617492146.
2, 31, 1231, 21193
List the prime factors of 1023132729.
3, 19, 353, 50849
List the prime factors of 2688518199.
3, 15443, 58031
List the prime factors of 252396623.
179, 1410037
List the prime factors of 416895114.
2, 3, 17, 4087207
List the prime factors of 470501795.
5, 139, 676981
List the prime factors of 1278189472.
2, 7, 17, 107, 3137
List the prime factors of 45183869.
2351, 19219
What are the prime factors of 1001825158?
2, 500912579
What are the prime factors of 1759131334?
2, 857, 1026331
List the prime factors of 644670690.
2, 3, 5, 109, 197147
List the prime factors of 240661618.
2, 31, 107, 36277
What are the prime factors of 264389834?
2, 132194917
List the prime factors of 124525270.
2, 5, 12452527
List the prime factors of 180304964.
2, 7, 467, 13789
List the prime factors of 11205998.
2, 5602999
What are the prime factors of 284254516?
2, 7, 13, 19, 23, 1787
List the prime factors of 1298017146.
2, 3, 216336191
What are the prime factors of 153780412?
2, 3697, 10399
What are the prime factors of 2674642?
2, 109, 12269
List the prime factors of 307229443.
307229443
List the prime factors of 1566621817.
239, 829, 7907
List the prime factors of 278430152.
2, 7, 11, 13, 4967
What are the prime factors of 154295334?
2, 3, 2857321
What are the prime factors of 1066541969?
1066541969
List the prime factors of 666035342.
2, 7, 43, 67, 337
List the prime factors of 1269711490.
2, 5, 211, 601759
List the prime factors of 2380488728.
2, 297561091
What are the prime factors of 1058054479?
37, 28596067
What are the prime factors of 106668908?
2, 26667227
What are the prime factors of 764200787?
7, 359, 304099
What are the prime factors of 1244525837?
23, 54109819
What are the prime factors of 1760662188?
2, 3, 17, 59, 48761
What are the prime factors of 52642045?
5, 79, 133271
List the prime factors of 33569643.
3, 59, 89, 2131
List the prime factors of 1434808816.
2, 7, 23, 61, 397
List the prime factors of 126033180.
2, 3, 5, 7, 13, 41, 563
What are the prime factors of 4198172360?
2, 5, 19, 191, 28921
List the prime factors of 664441338.
2, 3, 11, 37, 241, 1129
List the prime factors of 84368940.
2, 3, 5, 577, 2437
List the prime factors of 1772495484.
2, 3, 19, 7774103
What are the prime factors of 2892267679?
7, 59025871
List the prime factors of 119532216.
2, 3, 139, 35831
What are the prime factors of 391908620?
2, 5, 19595431
List the prime factors of 4341510502.
2, 7, 15647, 19819
What are the prime factors of 112897687?
7, 229, 70429
What are the prime factors of 14120979?
3, 4706993
What are the prime factors of 917094827?
11, 83372257
List the prime factors of 151345574.
2, 179, 422753
List the prime factors of 58895030.
2, 5, 523, 11261
List the prime factors of 99321366.
2, 3, 127, 130343
What are the prime factors of 365581746?
2, 3, 1471, 13807
List the prime factors of 90791012.
2, 13, 431, 4051
List the prime factors of 2283022002.
2, 3, 73, 337, 15467
List the prime factors of 1663459947.
3, 184828883
List the prime factors of 1462810056.
2, 3, 60950419
What are the prime factors of 384051270?
2, 3, 5, 1063, 12043
What are the prime factors of 1226692194?
2, 3, 7, 13, 2246689
List the prime factors of 44771300.
2, 5, 7, 9137
List the prime factors of 596670603.
3, 198890201
What are the prime factors of 131653862?
2, 47, 887, 1579
What are the prime factors of 145765212?
2, 3, 12147101
List the prime factors of 97775477.
487, 200771
What are the prime factors of 546161687?
546161687
What are the prime factors of 174164856?
2, 3, 2003, 3623
What are the prime factors of 145893297?
3, 11, 2063, 2143
List the prime factors of 65445594.
2, 3, 41, 223, 1193
What are the prime factors of 5790518649?
3, 18743, 34327
List the prime factors of 930536489.
83, 11211283
What are the prime factors of 65225604?
2, 3, 5435467
What are the prime factors of 247049586?
2, 3, 7, 1960711
List the prime factors of 171014234.
2, 211, 405247
What are the prime factors of 1456610985?
3, 5, 29, 372059
List the prime factors of 488340472.
2, 61042559
What are the prime factors of 1588584884?
2, 23, 750749
List the prime factors of 952786878.
2, 3, 158797813
What are the prime factors of 31363577?
7, 61, 1499
What are the prime factors of 155458238?
2, 13, 37, 161599
What are the prime factors of 237672338?
2, 118836169
List the prime factors of 1019679945.
3, 5, 409, 166207
What are the prime factors of 393379026?
2, 3, 29, 31, 233, 313
List the prime factors of 259800882.
2, 3, 11, 673, 5849
What are the prime factors of 279936760?
2, 5, 6998419
What are the prime factors of 60342482?
2, 30171241
List the prime factors of 444774047.
2411, 184477
List the prime factors of 95788639.
181, 229, 2311
List the prime factors of 222295980.
2, 3, 5, 233, 15901
What are the prime factors of 17464882?
2, 17, 513673
What are the prime factors of 336760749?
3, 13, 2878297
List the prime factors of 44513858.
2, 43, 517603
What are the prime factors of 123574530?
2, 3, 5, 17, 337, 719
What are the prime factors of 56491249?
56491249
List the prime factors of 60507512.
2, 13, 151, 3853
What are the prime factors of 447758223?
3, 11, 17, 798143
List the prime factors of 402560877.
3, 134186959
What are the prime factors of 7152